{"id":1766,"date":"2022-05-13T15:22:03","date_gmt":"2022-05-13T13:22:03","guid":{"rendered":"https:\/\/maison-huron-gite.fr\/?page_id=1766"},"modified":"2022-07-01T09:04:22","modified_gmt":"2022-07-01T07:04:22","slug":"reservation","status":"publish","type":"page","link":"https:\/\/maison-huron-gite.fr\/?page_id=1766","title":{"rendered":"R\u00e9servez votre s\u00e9jour"},"content":{"rendered":"<p>[vc_row][vc_column][vc_empty_space height=\u00a0\u00bb100px\u00a0\u00bb][vc_raw_html]JTNDaDMlM0VEaXNwb25pYmlsaXQlQzMlQTlzJTNDJTJGaDMlM0U=[\/vc_raw_html][\/vc_column][\/vc_row][vc_row full_width=\u00a0\u00bbstretch_row_content\u00a0\u00bb][vc_column][vc_empty_space height=\u00a0\u00bb25px\u00a0\u00bb][vc_column_text][\/vc_column_text][\/vc_column][\/vc_row][vc_row][vc_column][vc_empty_space height=\u00a0\u00bb50px\u00a0\u00bb][vc_column_text][\/vc_column_text][vc_row_inner][vc_column_inner width=\u00a0\u00bb2\/3&Prime;][vc_raw_html]JTNDaDMlM0VQb3VyJTIwdG91dGUlMjBhdXRyZSUyMGRlbWFuZGUlMkMlMjBub3VzJTIwY29udGFjdGVyJTNDJTJGaDMlM0U=[\/vc_raw_html][vc_column_text]<\/p>\r\n<p>Dur\u00e9e minimum du s\u00e9jour : 7 nuits minimum du Samedi au Samedi.<br \/>Hors vacances scolaires : 2 nuits minimum.<\/p>\r\n<p>Possibilit\u00e9 de louer pour 6 personnes avec 3 chambres.<\/p>\r\n<p>&nbsp;<\/p>\r\n<p>[\/vc_column_text][\/vc_column_inner][vc_column_inner width=\u00a0\u00bb1\/3&Prime;][vc_btn title=\u00a0\u00bbPar t\u00e9l\u00e9phone\u00a0\u00bb align=\u00a0\u00bbcenter\u00a0\u00bb link=\u00a0\u00bburl:http%3A%2F%2F%E2%80%9Ctel%3A0033684195339%E2%80%9D|title:T%C3%A9l%C3%A9phone|rel:nofollow\u00a0\u00bb][vc_btn title=\u00a0\u00bbFormulaire de contact\u00a0\u00bb align=\u00a0\u00bbcenter\u00a0\u00bb link=\u00a0\u00bburl:https%3A%2F%2Fmaison-huron-gite.fr%2F%3Fpage_id%3D99|title:Contact\u00a0\u00bb][\/vc_column_inner][\/vc_row_inner][\/vc_column][\/vc_row][vc_row][vc_column][vc_empty_space height=\u00a0\u00bb50px\u00a0\u00bb][vc_raw_html]JTNDaDMlM0VMZSUyMHByaXglMjBjb21wcmVuZCUzQyUyRmgzJTNF[\/vc_raw_html][vc_column_text]8 KWh d&rsquo;\u00e9lectricit\u00e9 par jour, 500 litres d&rsquo;eau par jour et 1\/2 bouteille de gaz par semaine pour la cuisine. L&rsquo;exc\u00e9dent de consommation sera factur\u00e9 par le propri\u00e9taire \u00e0 la fin de votre s\u00e9jour.[\/vc_column_text][vc_empty_space height=\u00a0\u00bb50px\u00a0\u00bb][vc_raw_html]JTNDaDMlM0VUYXJpZnMlMjAlQzMlQTAlMjBsYSUyMG51aXQlQzMlQTllJTNDJTJGaDMlM0U=[\/vc_raw_html][vc_empty_space height=\u00a0\u00bb25px\u00a0\u00bb][vc_column_text][\/vc_column_text][vc_empty_space height=\u00a0\u00bb50px\u00a0\u00bb][vc_raw_html]JTNDaDMlM0VDYXV0aW9uJTNDJTJGaDMlM0U=[\/vc_raw_html][vc_column_text]Montant de la caution :\u00a0<span class=\"u-display--block u-color--oceangreen\">700\u00a0\u20ac<\/span>[\/vc_column_text][vc_empty_space height=\u00a0\u00bb50px\u00a0\u00bb][\/vc_column][\/vc_row]<\/p>","protected":false},"excerpt":{"rendered":"<p>[vc_row][vc_column][vc_empty_space height=\u00a0\u00bb100px\u00a0\u00bb][vc_raw_html]JTNDaDMlM0VEaXNwb25pYmlsaXQlQzMlQTlzJTNDJTJGaDMlM0U=[\/vc_raw_html][\/vc_column][\/vc_row][vc_row full_width=\u00a0\u00bbstretch_row_content\u00a0\u00bb][vc_column][vc_empty_space height=\u00a0\u00bb25px\u00a0\u00bb][vc_column_text][\/vc_column_text][\/vc_column][\/vc_row][vc_row][vc_column][vc_empty_space height=\u00a0\u00bb50px\u00a0\u00bb][vc_column_text][\/vc_column_text][vc_row_inner][vc_column_inner width=\u00a0\u00bb2\/3&Prime;][vc_raw_html]JTNDaDMlM0VQb3VyJTIwdG91dGUlMjBhdXRyZSUyMGRlbWFuZGUlMkMlMjBub3VzJTIwY29udGFjdGVyJTNDJTJGaDMlM0U=[\/vc_raw_html][vc_column_text] Dur\u00e9e minimum du s\u00e9jour : 7 nuits minimum du Samedi au Samedi.Hors vacances scolaires : 2 nuits minimum. Possibilit\u00e9 de louer pour 6 personnes avec 3 chambres. &nbsp; [\/vc_column_text][\/vc_column_inner][vc_column_inner width=\u00a0\u00bb1\/3&Prime;][vc_btn title=\u00a0\u00bbPar t\u00e9l\u00e9phone\u00a0\u00bb align=\u00a0\u00bbcenter\u00a0\u00bb link=\u00a0\u00bburl:http%3A%2F%2F%E2%80%9Ctel%3A0033684195339%E2%80%9D|title:T%C3%A9l%C3%A9phone|rel:nofollow\u00a0\u00bb][vc_btn title=\u00a0\u00bbFormulaire de contact\u00a0\u00bb align=\u00a0\u00bbcenter\u00a0\u00bb link=\u00a0\u00bburl:https%3A%2F%2Fmaison-huron-gite.fr%2F%3Fpage_id%3D99|title:Contact\u00a0\u00bb][\/vc_column_inner][\/vc_row_inner][\/vc_column][\/vc_row][vc_row][vc_column][vc_empty_space height=\u00a0\u00bb50px\u00a0\u00bb][vc_raw_html]JTNDaDMlM0VMZSUyMHByaXglMjBjb21wcmVuZCUzQyUyRmgzJTNF[\/vc_raw_html][vc_column_text]8 KWh d&rsquo;\u00e9lectricit\u00e9 par jour, 500 litres d&rsquo;eau par jour [&hellip;]<\/p>\n","protected":false},"author":1,"featured_media":0,"parent":0,"menu_order":0,"comment_status":"closed","ping_status":"closed","template":"templates\/page-builder.php","meta":{"_monsterinsights_skip_tracking":false,"_monsterinsights_sitenote_active":false,"_monsterinsights_sitenote_note":"","_monsterinsights_sitenote_category":0,"footnotes":""},"class_list":["post-1766","page","type-page","status-publish","hentry"],"yoast_head":"<!-- This site is optimized with the Yoast SEO plugin v26.6 - https:\/\/yoast.com\/wordpress\/plugins\/seo\/ -->\n<title>R\u00e9servez votre s\u00e9jour - Maison Huron - G\u00eete Landes<\/title>\n<meta name=\"robots\" content=\"index, follow, max-snippet:-1, max-image-preview:large, max-video-preview:-1\" \/>\n<link rel=\"canonical\" href=\"https:\/\/maison-huron-gite.fr\/?page_id=1766\" \/>\n<meta property=\"og:locale\" content=\"fr_FR\" \/>\n<meta property=\"og:type\" content=\"article\" \/>\n<meta property=\"og:title\" content=\"R\u00e9servez votre s\u00e9jour - Maison Huron - G\u00eete Landes\" \/>\n<meta property=\"og:description\" content=\"[vc_row][vc_column][vc_empty_space height=\u00a0\u00bb100px\u00a0\u00bb][vc_raw_html]JTNDaDMlM0VEaXNwb25pYmlsaXQlQzMlQTlzJTNDJTJGaDMlM0U=[\/vc_raw_html][\/vc_column][\/vc_row][vc_row full_width=\u00a0\u00bbstretch_row_content\u00a0\u00bb][vc_column][vc_empty_space height=\u00a0\u00bb25px\u00a0\u00bb][vc_column_text][\/vc_column_text][\/vc_column][\/vc_row][vc_row][vc_column][vc_empty_space height=\u00a0\u00bb50px\u00a0\u00bb][vc_column_text][\/vc_column_text][vc_row_inner][vc_column_inner width=\u00a0\u00bb2\/3&Prime;][vc_raw_html]JTNDaDMlM0VQb3VyJTIwdG91dGUlMjBhdXRyZSUyMGRlbWFuZGUlMkMlMjBub3VzJTIwY29udGFjdGVyJTNDJTJGaDMlM0U=[\/vc_raw_html][vc_column_text] Dur\u00e9e minimum du s\u00e9jour : 7 nuits minimum du Samedi au Samedi.Hors vacances scolaires : 2 nuits minimum. Possibilit\u00e9 de louer pour 6 personnes avec 3 chambres. &nbsp; [\/vc_column_text][\/vc_column_inner][vc_column_inner width=\u00a0\u00bb1\/3&Prime;][vc_btn title=\u00a0\u00bbPar t\u00e9l\u00e9phone\u00a0\u00bb align=\u00a0\u00bbcenter\u00a0\u00bb link=\u00a0\u00bburl:http%3A%2F%2F%E2%80%9Ctel%3A0033684195339%E2%80%9D|title:T%C3%A9l%C3%A9phone|rel:nofollow\u00a0\u00bb][vc_btn title=\u00a0\u00bbFormulaire de contact\u00a0\u00bb align=\u00a0\u00bbcenter\u00a0\u00bb link=\u00a0\u00bburl:https%3A%2F%2Fmaison-huron-gite.fr%2F%3Fpage_id%3D99|title:Contact\u00a0\u00bb][\/vc_column_inner][\/vc_row_inner][\/vc_column][\/vc_row][vc_row][vc_column][vc_empty_space height=\u00a0\u00bb50px\u00a0\u00bb][vc_raw_html]JTNDaDMlM0VMZSUyMHByaXglMjBjb21wcmVuZCUzQyUyRmgzJTNF[\/vc_raw_html][vc_column_text]8 KWh d&rsquo;\u00e9lectricit\u00e9 par jour, 500 litres d&rsquo;eau par jour [&hellip;]\" \/>\n<meta property=\"og:url\" content=\"https:\/\/maison-huron-gite.fr\/?page_id=1766\" \/>\n<meta property=\"og:site_name\" content=\"Maison Huron - G\u00eete Landes\" \/>\n<meta property=\"article:publisher\" content=\"https:\/\/www.facebook.com\/maisonhuron\" \/>\n<meta property=\"article:modified_time\" content=\"2022-07-01T07:04:22+00:00\" \/>\n<meta name=\"twitter:card\" content=\"summary_large_image\" \/>\n<meta name=\"twitter:label1\" content=\"Dur\u00e9e de lecture estim\u00e9e\" \/>\n\t<meta name=\"twitter:data1\" content=\"1 minute\" \/>\n<script type=\"application\/ld+json\" class=\"yoast-schema-graph\">{\"@context\":\"https:\/\/schema.org\",\"@graph\":[{\"@type\":\"WebPage\",\"@id\":\"https:\/\/maison-huron-gite.fr\/?page_id=1766\",\"url\":\"https:\/\/maison-huron-gite.fr\/?page_id=1766\",\"name\":\"R\u00e9servez votre s\u00e9jour - Maison Huron - G\u00eete Landes\",\"isPartOf\":{\"@id\":\"https:\/\/maison-huron-gite.fr\/#website\"},\"datePublished\":\"2022-05-13T13:22:03+00:00\",\"dateModified\":\"2022-07-01T07:04:22+00:00\",\"breadcrumb\":{\"@id\":\"https:\/\/maison-huron-gite.fr\/?page_id=1766#breadcrumb\"},\"inLanguage\":\"fr-FR\",\"potentialAction\":[{\"@type\":\"ReadAction\",\"target\":[\"https:\/\/maison-huron-gite.fr\/?page_id=1766\"]}]},{\"@type\":\"BreadcrumbList\",\"@id\":\"https:\/\/maison-huron-gite.fr\/?page_id=1766#breadcrumb\",\"itemListElement\":[{\"@type\":\"ListItem\",\"position\":1,\"name\":\"Accueil\",\"item\":\"https:\/\/maison-huron-gite.fr\/\"},{\"@type\":\"ListItem\",\"position\":2,\"name\":\"R\u00e9servez votre s\u00e9jour\"}]},{\"@type\":\"WebSite\",\"@id\":\"https:\/\/maison-huron-gite.fr\/#website\",\"url\":\"https:\/\/maison-huron-gite.fr\/\",\"name\":\"Maison Huron - G\u00eete Landes\",\"description\":\"Au coeur des Landes 40\",\"publisher\":{\"@id\":\"https:\/\/maison-huron-gite.fr\/#organization\"},\"potentialAction\":[{\"@type\":\"SearchAction\",\"target\":{\"@type\":\"EntryPoint\",\"urlTemplate\":\"https:\/\/maison-huron-gite.fr\/?s={search_term_string}\"},\"query-input\":{\"@type\":\"PropertyValueSpecification\",\"valueRequired\":true,\"valueName\":\"search_term_string\"}}],\"inLanguage\":\"fr-FR\"},{\"@type\":\"Organization\",\"@id\":\"https:\/\/maison-huron-gite.fr\/#organization\",\"name\":\"Maison Huron\",\"url\":\"https:\/\/maison-huron-gite.fr\/\",\"logo\":{\"@type\":\"ImageObject\",\"inLanguage\":\"fr-FR\",\"@id\":\"https:\/\/maison-huron-gite.fr\/#\/schema\/logo\/image\/\",\"url\":\"https:\/\/maison-huron-gite.fr\/wp-content\/uploads\/2022\/04\/logo-maisonhuron.png\",\"contentUrl\":\"https:\/\/maison-huron-gite.fr\/wp-content\/uploads\/2022\/04\/logo-maisonhuron.png\",\"width\":221,\"height\":60,\"caption\":\"Maison Huron\"},\"image\":{\"@id\":\"https:\/\/maison-huron-gite.fr\/#\/schema\/logo\/image\/\"},\"sameAs\":[\"https:\/\/www.facebook.com\/maisonhuron\"]}]}<\/script>\n<!-- \/ Yoast SEO plugin. -->","yoast_head_json":{"title":"R\u00e9servez votre s\u00e9jour - Maison Huron - G\u00eete Landes","robots":{"index":"index","follow":"follow","max-snippet":"max-snippet:-1","max-image-preview":"max-image-preview:large","max-video-preview":"max-video-preview:-1"},"canonical":"https:\/\/maison-huron-gite.fr\/?page_id=1766","og_locale":"fr_FR","og_type":"article","og_title":"R\u00e9servez votre s\u00e9jour - Maison Huron - G\u00eete Landes","og_description":"[vc_row][vc_column][vc_empty_space height=\u00a0\u00bb100px\u00a0\u00bb][vc_raw_html]JTNDaDMlM0VEaXNwb25pYmlsaXQlQzMlQTlzJTNDJTJGaDMlM0U=[\/vc_raw_html][\/vc_column][\/vc_row][vc_row full_width=\u00a0\u00bbstretch_row_content\u00a0\u00bb][vc_column][vc_empty_space height=\u00a0\u00bb25px\u00a0\u00bb][vc_column_text][\/vc_column_text][\/vc_column][\/vc_row][vc_row][vc_column][vc_empty_space height=\u00a0\u00bb50px\u00a0\u00bb][vc_column_text][\/vc_column_text][vc_row_inner][vc_column_inner width=\u00a0\u00bb2\/3&Prime;][vc_raw_html]JTNDaDMlM0VQb3VyJTIwdG91dGUlMjBhdXRyZSUyMGRlbWFuZGUlMkMlMjBub3VzJTIwY29udGFjdGVyJTNDJTJGaDMlM0U=[\/vc_raw_html][vc_column_text] Dur\u00e9e minimum du s\u00e9jour : 7 nuits minimum du Samedi au Samedi.Hors vacances scolaires : 2 nuits minimum. Possibilit\u00e9 de louer pour 6 personnes avec 3 chambres. &nbsp; [\/vc_column_text][\/vc_column_inner][vc_column_inner width=\u00a0\u00bb1\/3&Prime;][vc_btn title=\u00a0\u00bbPar t\u00e9l\u00e9phone\u00a0\u00bb align=\u00a0\u00bbcenter\u00a0\u00bb link=\u00a0\u00bburl:http%3A%2F%2F%E2%80%9Ctel%3A0033684195339%E2%80%9D|title:T%C3%A9l%C3%A9phone|rel:nofollow\u00a0\u00bb][vc_btn title=\u00a0\u00bbFormulaire de contact\u00a0\u00bb align=\u00a0\u00bbcenter\u00a0\u00bb link=\u00a0\u00bburl:https%3A%2F%2Fmaison-huron-gite.fr%2F%3Fpage_id%3D99|title:Contact\u00a0\u00bb][\/vc_column_inner][\/vc_row_inner][\/vc_column][\/vc_row][vc_row][vc_column][vc_empty_space height=\u00a0\u00bb50px\u00a0\u00bb][vc_raw_html]JTNDaDMlM0VMZSUyMHByaXglMjBjb21wcmVuZCUzQyUyRmgzJTNF[\/vc_raw_html][vc_column_text]8 KWh d&rsquo;\u00e9lectricit\u00e9 par jour, 500 litres d&rsquo;eau par jour [&hellip;]","og_url":"https:\/\/maison-huron-gite.fr\/?page_id=1766","og_site_name":"Maison Huron - G\u00eete Landes","article_publisher":"https:\/\/www.facebook.com\/maisonhuron","article_modified_time":"2022-07-01T07:04:22+00:00","twitter_card":"summary_large_image","twitter_misc":{"Dur\u00e9e de lecture estim\u00e9e":"1 minute"},"schema":{"@context":"https:\/\/schema.org","@graph":[{"@type":"WebPage","@id":"https:\/\/maison-huron-gite.fr\/?page_id=1766","url":"https:\/\/maison-huron-gite.fr\/?page_id=1766","name":"R\u00e9servez votre s\u00e9jour - Maison Huron - G\u00eete Landes","isPartOf":{"@id":"https:\/\/maison-huron-gite.fr\/#website"},"datePublished":"2022-05-13T13:22:03+00:00","dateModified":"2022-07-01T07:04:22+00:00","breadcrumb":{"@id":"https:\/\/maison-huron-gite.fr\/?page_id=1766#breadcrumb"},"inLanguage":"fr-FR","potentialAction":[{"@type":"ReadAction","target":["https:\/\/maison-huron-gite.fr\/?page_id=1766"]}]},{"@type":"BreadcrumbList","@id":"https:\/\/maison-huron-gite.fr\/?page_id=1766#breadcrumb","itemListElement":[{"@type":"ListItem","position":1,"name":"Accueil","item":"https:\/\/maison-huron-gite.fr\/"},{"@type":"ListItem","position":2,"name":"R\u00e9servez votre s\u00e9jour"}]},{"@type":"WebSite","@id":"https:\/\/maison-huron-gite.fr\/#website","url":"https:\/\/maison-huron-gite.fr\/","name":"Maison Huron - G\u00eete Landes","description":"Au coeur des Landes 40","publisher":{"@id":"https:\/\/maison-huron-gite.fr\/#organization"},"potentialAction":[{"@type":"SearchAction","target":{"@type":"EntryPoint","urlTemplate":"https:\/\/maison-huron-gite.fr\/?s={search_term_string}"},"query-input":{"@type":"PropertyValueSpecification","valueRequired":true,"valueName":"search_term_string"}}],"inLanguage":"fr-FR"},{"@type":"Organization","@id":"https:\/\/maison-huron-gite.fr\/#organization","name":"Maison Huron","url":"https:\/\/maison-huron-gite.fr\/","logo":{"@type":"ImageObject","inLanguage":"fr-FR","@id":"https:\/\/maison-huron-gite.fr\/#\/schema\/logo\/image\/","url":"https:\/\/maison-huron-gite.fr\/wp-content\/uploads\/2022\/04\/logo-maisonhuron.png","contentUrl":"https:\/\/maison-huron-gite.fr\/wp-content\/uploads\/2022\/04\/logo-maisonhuron.png","width":221,"height":60,"caption":"Maison Huron"},"image":{"@id":"https:\/\/maison-huron-gite.fr\/#\/schema\/logo\/image\/"},"sameAs":["https:\/\/www.facebook.com\/maisonhuron"]}]}},"_links":{"self":[{"href":"https:\/\/maison-huron-gite.fr\/index.php?rest_route=\/wp\/v2\/pages\/1766","targetHints":{"allow":["GET"]}}],"collection":[{"href":"https:\/\/maison-huron-gite.fr\/index.php?rest_route=\/wp\/v2\/pages"}],"about":[{"href":"https:\/\/maison-huron-gite.fr\/index.php?rest_route=\/wp\/v2\/types\/page"}],"author":[{"embeddable":true,"href":"https:\/\/maison-huron-gite.fr\/index.php?rest_route=\/wp\/v2\/users\/1"}],"replies":[{"embeddable":true,"href":"https:\/\/maison-huron-gite.fr\/index.php?rest_route=%2Fwp%2Fv2%2Fcomments&post=1766"}],"version-history":[{"count":84,"href":"https:\/\/maison-huron-gite.fr\/index.php?rest_route=\/wp\/v2\/pages\/1766\/revisions"}],"predecessor-version":[{"id":2193,"href":"https:\/\/maison-huron-gite.fr\/index.php?rest_route=\/wp\/v2\/pages\/1766\/revisions\/2193"}],"wp:attachment":[{"href":"https:\/\/maison-huron-gite.fr\/index.php?rest_route=%2Fwp%2Fv2%2Fmedia&parent=1766"}],"curies":[{"name":"wp","href":"https:\/\/api.w.org\/{rel}","templated":true}]}}